{"id":109,"date":"2026-04-10T09:34:26","date_gmt":"2026-04-10T09:34:26","guid":{"rendered":"https:\/\/aiutodgtale.online\/?page_id=109"},"modified":"2026-04-10T09:34:26","modified_gmt":"2026-04-10T09:34:26","slug":"cookie-policy","status":"publish","type":"page","link":"https:\/\/aiutodgtale.online\/?page_id=109","title":{"rendered":"Cookie policy"},"content":{"rendered":"\n<p>Questo testo ha lo scopo di presentare, all\u2019utente, le informazioni principali su cosa siano i cookie indicando come questi vengono utilizzati su questo sito web, come gestirli ed, eventualmente, come limitarne l\u2019uso. Il nostro sito infatti, come la maggior parte dei siti, fa uso dei cookie: file di testo creati dai siti web per memorizzare delle informazioni di navigazione, ad esempio, le preferenze o i dati del profilo. I visitatori di un sito possono sempre scegliere quali cookie autorizzare o disabilitare configurando opportunamente i propri browser web. Tuttavia, occorre conoscere che alcune funzionalit\u00e0 del sito, senza acconsentire all\u2019utilizzo di cookie di profilazione di terze parti, non potranno essere rese disponibili (a titolo esemplificativo, video di youtube, google captcha nelle form di contatto, google map, plugin di social network, ecc.).<\/p>\n\n\n\n<h3 class=\"wp-block-heading\"><strong>Cosa sono i cookie?<\/strong><\/h3>\n\n\n\n<p>I cookie sono file di testo che, durante la navigazione di un sito con un browser Web, possono venire salvati sul dispositivo di navigazione (computer, smartphone, tablet, ecc.). Le informazioni minime contenute in un cookie sono il nome del sito internet (il dominio o l\u2019indirizzo IP del sito) dal quale il cookie stesso proviene, la sua \u2018durata\u2019 (ovvero, l\u2019indicazione del momento in cui lo stesso scade) ed un valore che, il pi\u00f9 delle volte, \u00e8 una sequenza di caratteri casuale.<\/p>\n\n\n\n<p>Sul sito&nbsp;<strong><a href=\"http:\/\/www.aboutcookies.org\/\" target=\"_blank\" rel=\"noreferrer noopener\">AboutCookies.org<\/a><\/strong>&nbsp;\u00e8 possibile trovare molte pi\u00f9 informazioni sui cookie e su come questi influenzano la tua esperienza di navigazione.<\/p>\n\n\n\n<h3 class=\"wp-block-heading\"><strong>Esistono diversi tipi di cookie?<\/strong><\/h3>\n\n\n\n<p>Nei siti Web, a seconda degli specifici obiettivi funzionali, si utilizzano tipologie di cookie differenti. Di seguito viene fornito un elenco di questi tipi di cookie con l\u2019indicazione degli scopi per cui vengono utilizzati.<\/p>\n\n\n\n<p><em><strong>Cookie di sessione (temporanei)<\/strong>:<\/em>&nbsp;i cookie di sessione vengono archiviati temporaneamente nella memoria del computer, ad esempio, per tenere traccia della lingua scelta per la navigazione. I cookie di sessione rimangono memorizzati nel computer fino alla chiusura del browser Web in cui \u00e8 stato consultato il sito Web.<\/p>\n\n\n\n<p><strong><em>Cookie permanenti o traccianti:<\/em><\/strong>&nbsp;i cookie permanenti salvano un file sul computer per un lungo periodo di tempo definito dal campo \u2018durata\u2019. Questi cookie consentono ai siti Web di ricordare informazioni e impostazioni alle successive visite degli utenti, rendendo cos\u00ec l\u2019esplorazione pi\u00f9 pratica e rapida, poich\u00e9, ad esempio, non \u00e8 pi\u00f9 necessario indicare username e password per effettuare l\u2019accesso. Alla data di scadenza, il cookie viene automaticamente eliminato quando si effettua il primo accesso al sito Web che lo ha creato.<\/p>\n\n\n\n<p><em><strong>Cookie di prime parti<\/strong>:<\/em>&nbsp;questi cookie vengono impostati direttamente dai siti Web consultati dall\u2019utente (il dominio indicato \u00e8 uguale a quello presente nella barra degli indirizzi del browser Web) e possono essere letti solo da tali siti. Vengono comunemente utilizzati per archiviare informazioni, quali le preferenze, da utilizzare negli accessi successivi. Possono essere sia di sessione che permanenti.<\/p>\n\n\n\n<p><em><strong>Cookie di terze parti<\/strong>:<\/em>&nbsp;questi cookie vengono impostati da domini diversi da quello indicato nella barra degli indirizzi del browser Web, ovvero, da organizzazioni che non corrispondono ai proprietari dei siti Web.<br>Ad esempio, questi cookie possono essere utilizzati per raccogliere informazioni a fini pubblicitari e di personalizzazione dei contenuti, oltre che per elaborare statistiche Web.<\/p>\n\n\n\n<p><em><strong>Cookie indispensabili:<\/strong>&nbsp;<\/em>vengono indicati come \u201cindispensabili\u201d quei cookie che sono fondamentali per consentire all\u2019utente di spostarsi nel sito e utilizzare i servizi richiesti come, ad esempio, per gestire la fase di registrazione e accesso da parte degli utenti all\u2019area riservata di un sito.<br>Questi cookie sono generalmente di prime parti e possono essere permanenti o di sessione.<\/p>\n\n\n\n<p><em><strong>Performance cookie<\/strong>:&nbsp;<\/em>questi cookie raccolgono informazioni su come gli utenti utilizzano un sito, ad esempio, quali sono le pagine visitate o se si ricevono messaggi di errore da pagine Web. Questi cookie non raccolgono informazioni che identificano un visitatore, tutte le informazioni raccolte tramite cookie sono aggregate e, quindi, anonime. Lo scopo di tali cookie \u00e8 solo il miglioramento del sito.<\/p>\n\n\n\n<p><em><strong>Cookie di funzionalit\u00e0<\/strong>:&nbsp;<\/em>questi cookie consentono al sito di ricordare le scelte fatte dall\u2019utente (come il nome, la lingua o la regione di provenienza) e forniscono funzionalit\u00e0 avanzate personalizzate. Essi possono anche essere utilizzati per fornire servizi come guardare un video o i commenti su un blog. Le informazioni raccolte da questi tipi di cookie possono essere rese anonime e non in grado di monitorare la vostra attivit\u00e0 di navigazione su altri siti web.<\/p>\n\n\n\n<p><em><strong>Cookie tecnici<\/strong>:&nbsp;<\/em>si tratta di cookie di sessione e\/o di funzionalit\u00e0 e\/o indispensabili che permettono agli utenti di selezionare determinati parametri nella navigazione e di cookie di performance utilizzati dai gestori dei siti per raccogliere informazioni in forma aggregata sul&nbsp;numero degli utenti e su come visitano i siti.<\/p>\n\n\n\n<p><em><strong>Cookie di profilazione<\/strong>:&nbsp;<\/em>si tratta di cookie utilizzati al fine di inviare messaggi promozionali in relazione alle preferenze manifestate dagli utenti nella navigazione effettuata o alle specifiche sezioni visitate.<\/p>\n\n\n\n<h3 class=\"wp-block-heading\"><strong>Perch\u00e9 usiamo i cookie?<\/strong><\/h3>\n\n\n\n<p>Facciamo uso dei cookie per migliorare le funzionalit\u00e0 del nostro sito, consentire all\u2019utente di spostarsi agevolmente tra le pagine, ricordare le sue preferenze e per garantire all\u2019utente un\u2019esperienza di navigazione sempre ottimale.<\/p>\n\n\n\n<h3 class=\"wp-block-heading\"><strong>Come usiamo i cookie?<\/strong><\/h3>\n\n\n\n<p>Accedendo ad una qualsiasi pagina del nostro sito, viene visualizzato un banner per informare dell\u2019utilizzo dei cookie. Nel banner \u00e8 presente un link che riporta all\u2019informativa sui cookie di questa pagina e permetter\u00e0 di dare o meno il proprio consenso all\u2019utilizzo di cookie di profilazione di terze parti legate a servizi esterni quali, a titolo esemplificativo, eventuali Google captcha, Google map, video di YouTube, plugin di social network, servizi chat, ecc.<\/p>\n\n\n\n<p>Accettando o rifiutando l\u2019uso dei cookie di profilazione, il sito memorizzer\u00e0 la preferenza per un periodo di 6 mesi, e permetter\u00e0 di cambiare la scelta in qualunque momento attraverso la linguetta denominata \u201cConsenso ai cookies\u201d (sempre visibile, in basso a tutte le pagine del sito).<\/p>\n\n\n\n<h3 class=\"wp-block-heading\"><strong>Quali cookie utilizziamo?<\/strong><\/h3>\n\n\n\n<p>Nel nostro sito utilizziamo cookie tecnici e cookie statistici di terze parti con IP anonimizzato. Alcune funzionalit\u00e0 (indicate esemplificatamente al paragrafo precedente), potrebbero comportare l\u2019istallazione di cookie di profilazione di terze parti. Questi ultimi, verranno tuttavia utilizzati solo dopo il vostro esplicito consenso esercitato cliccando su \u201cAccetto\u201d presente nel banner suddetto.<\/p>\n\n\n\n<figure class=\"wp-block-table\"><table class=\"has-fixed-layout\"><thead><tr><td>Nome del cookie<\/td><td>Tipo<\/td><td>Durata<\/td><td>Descrizione<\/td><\/tr><\/thead><tbody><tr><td>wordpress_test_cookie<\/td><td>Tecnico<\/td><td>Sessione<\/td><td>Test cookie di WordPress<\/td><\/tr><tr><td>ndCookieConsent<\/td><td>Tecnico<\/td><td>180 giorni<\/td><td>Gestione dell\u2019informativa breve sulla privacy e consenso ai cookies<\/td><\/tr><tr><td>__utma<\/td><td>Tecnico<\/td><td>2 anni<\/td><td>Per informazioni fare riferimento alla&nbsp;<a href=\"https:\/\/policies.google.com\/technologies\/cookies\" target=\"_blank\" rel=\"noreferrer noopener\">cookie policy<\/a>&nbsp;di Google<\/td><\/tr><tr><td>__utmb<\/td><td>Tecnico<\/td><td>Sessione<\/td><td>Per informazioni fare riferimento alla&nbsp;<a href=\"https:\/\/policies.google.com\/technologies\/cookies\" target=\"_blank\" rel=\"noreferrer noopener\">cookie policy<\/a>&nbsp;di Google<\/td><\/tr><tr><td>__utmc<\/td><td>Tecnico<\/td><td>Sessione<\/td><td>Per informazioni fare riferimento alla&nbsp;<a href=\"https:\/\/policies.google.com\/technologies\/cookies\" target=\"_blank\" rel=\"noreferrer noopener\">cookie policy<\/a>&nbsp;di Google<\/td><\/tr><tr><td>__utmz<\/td><td>Tecnico<\/td><td>6 mesi<\/td><td>Per informazioni fare riferimento alla&nbsp;<a href=\"https:\/\/policies.google.com\/technologies\/cookies\" target=\"_blank\" rel=\"noreferrer noopener\">cookie policy<\/a>&nbsp;di Google<\/td><\/tr><\/tbody><\/table><\/figure>\n\n\n\n<p>Indichiamo, di seguito, alcune informazioni utili sui vari servizi che potrebbero essere utilizzati su questo sito:<\/p>\n\n\n\n<p><strong>Google Analytics<\/strong><br>in questo sito si utilizza il servizio di analisi web Google Analytics (\u201cGA\u201d), fornito da Google, Inc. (\u201cGoogle\u201d) con indirizzo<strong>&nbsp;IP anonimizzato<\/strong>. Attraverso l\u2019uso di cookie, GA \u00e8 in grado di memorizzare i dati di accesso alle pagine del nostro sito. Questi dati verranno trasmessi e depositati presso i server di Google. Quest\u2019ultima user\u00e0 questi dati allo scopo di esaminare il traffico sul sito Web, compilare dei report di attivit\u00e0 e fornire altri servizi relativi all\u2019accesso al sito. Questi dati verranno usati per migliorare i contenuti del nostro sito Web.&nbsp;Google potrebbe utilizzare i Dati Personali per personalizzare gli annunci del proprio circuito pubblicitario.<br>Dati&nbsp;&nbsp;raccolti: Cookie e Dati di utilizzo.<br>Luogo del trattamento : USA \u2013&nbsp;<a href=\"https:\/\/www.google.com\/intl\/it\/policies\/privacy\/\" target=\"_blank\" rel=\"noreferrer noopener\">Privacy Policy<\/a><\/p>\n\n\n\n<p><strong>E\u2019 possibile disabilitare i cookie di Google Analytics?<br><\/strong>I visitatori possono disattivare i cookie di Google Analytics utilizzando le indicazione riportate a questo link:&nbsp;<strong><a href=\"https:\/\/adssettings.google.com\/authenticated?hl=it\" target=\"_blank\" rel=\"noreferrer noopener\">Componente aggiuntivo del browser per la disattivazione di Google Analytics<\/a><\/strong>.<\/p>\n\n\n\n<p>Google salva la tua attivit\u00e0 nei siti e nelle app Google, incluse le informazioni associate come la posizione, per offrirti ricerche pi\u00f9 veloci, consigli migliori ed esperienze pi\u00f9 personalizzate su Maps, Ricerca e altri servizi Google. Dal seguente&nbsp;<strong><a href=\"https:\/\/myaccount.google.com\/accounthistory\/c\" target=\"_blank\" rel=\"noreferrer noopener\">link<\/a><\/strong>&nbsp;puoi gestire le impostazioni per salvare i dati nel tuo google account.<\/p>\n\n\n\n<p>Dal seguente&nbsp;<strong><a href=\"https:\/\/adssettings.google.com\/authenticated\/c\" target=\"_blank\" rel=\"noreferrer noopener\">link<\/a><\/strong>, invece, puoi disattivare la personalizzazione degli annunci e controllare la personalizzazione degli annunci su altri siti web e app che usano i servizi pubblicitari di Google.<\/p>\n\n\n\n<p>Per assicurare che l\u2019utente veda il corretto conteggio delle condivisioni di una determinata pagina e per permetterne la condivisione fra utenti, le pagine di questo sito web implementano, o implementeranno nel prossimo futuro, sezioni di codice derivanti da altri siti. Tali altri siti utilizzano cookie di cui il gestore di questo sito non ha controllo sulle informazioni fornite e non ha accesso a tali dati. Per maggiori informazioni consultare:&nbsp;<a href=\"https:\/\/it-it.facebook.com\/help\/cookies\/\" target=\"_blank\" rel=\"noreferrer noopener\">Facebook.com<\/a>,&nbsp;<a href=\"https:\/\/www.google.com\/intl\/it_it\/policies\/technologies\/\" target=\"_blank\" rel=\"noreferrer noopener\">Google.com<\/a>,&nbsp;<a href=\"https:\/\/support.twitter.com\/articles\/20170519-uso-dei-cookie-e-di-altre-tecnologie-simili-da-parte-di-twitter\" target=\"_blank\" rel=\"noreferrer noopener\">Twitter.com<\/a>,&nbsp;<a href=\"https:\/\/www.linkedin.com\/legal\/cookie_policy\" target=\"_blank\" rel=\"noreferrer noopener\">Linkedin.com<\/a>,&nbsp;<a href=\"https:\/\/instagram.com\/about\/legal\/privacy\/\" target=\"_blank\" rel=\"noreferrer noopener\">Instagram.com<\/a>,&nbsp;<a href=\"https:\/\/www.google.it\/intl\/it\/policies\/technologies\/cookies\/\" target=\"_blank\" rel=\"noreferrer noopener\">YouTube.com<\/a><\/p>\n\n\n\n<p><strong>Monitoraggio conversioni di Facebook Ads (Meta Platform, Inc.)<\/strong><br>\u00c8 un servizio di statistiche fornito da Meta Platform, Inc. che collega i dati provenienti dal circuito degli annunci di Facebook con il comportamento degli utenti.<br>Dati&nbsp;&nbsp;raccolti: Cookie e Dati di utilizzo.<br>Luogo del trattamento : USA \u2013&nbsp;<a href=\"https:\/\/www.facebook.com\/about\/privacy\/\" target=\"_blank\" rel=\"noreferrer noopener\">Privacy Policy<\/a><\/p>\n\n\n\n<p><strong>Monitoraggio conversioni di Google ADS (Google Inc.)<\/strong><br>\u00c8 un servizio di statistiche fornito da Google che collega i dati provenienti dal circuito degli annunci Google Ads con le azioni compiute dagli utenti.<br>Dati&nbsp;&nbsp;raccolti: Cookie e Dati di utilizzo.<br>Luogo del trattamento : USA \u2013&nbsp;<a href=\"https:\/\/www.google.com\/intl\/it\/policies\/privacy\/\" target=\"_blank\" rel=\"noreferrer noopener\">Privacy Policy<\/a><\/p>\n\n\n\n<h3 class=\"wp-block-heading\"><strong>Remarketing e targeting comportamentale<\/strong><\/h3>\n\n\n\n<p>Il sito internet potrebbe utilizzare i servizi pubblicitari e le relativa funzionalit\u00e0 di Remarketing. Anche queste funzioni utilizzano i cookie al fine di poter tenere traccia dei comportamenti eseguiti sul sito e proporre annunci mirati e pi\u00f9 pertinenti rispetto alle azioni compiute. Questi cookie non raccolgono, n\u00e9 monitorano informazioni in grado di identificare personalmente un utente.<\/p>\n\n\n\n<p><strong>Google Ads Remarketing (Google Inc.)<\/strong><br>Google Ads Remarketing \u00e8 un servizio di Remarketing e Behavioral Targeting fornito da Google Inc. che collega l\u2019attivit\u00e0 di questa Applicazione con il network di advertising Adwords ed il Cookie Doubleclick.<br>Dati&nbsp;&nbsp;raccolti: Cookie e Dati di utilizzo.<br>Luogo del trattamento : USA \u2013&nbsp;<a href=\"https:\/\/www.google.com\/intl\/it\/policies\/privacy\/\" target=\"_blank\" rel=\"noreferrer noopener\">Privacy Policy<\/a>&nbsp;\u2013&nbsp;<a href=\"https:\/\/adssettings.google.com\/authenticated?hl=it\" target=\"_blank\" rel=\"noreferrer noopener\">Opt Out<\/a><\/p>\n\n\n\n<p><strong>Facebook Custom Audience (Meta Platforms, Inc<em>.<\/em>)<\/strong><br>Facebook Custom Audience \u00e8 un servizio di Remarketing e Behavioral Targeting fornito da Meta Platform, Inc. che collega l\u2019attivit\u00e0 di questa Applicazione con il network di advertising Facebook.<br>Dati&nbsp;&nbsp;raccolti: Cookie e Email.<br>Luogo del trattamento : USA \u2013&nbsp;<a href=\"https:\/\/www.facebook.com\/about\/privacy\/\" target=\"_blank\" rel=\"noreferrer noopener\">Privacy Policy<\/a>&nbsp;\u2013&nbsp;<a href=\"http:\/\/www.aboutads.info\/choices\/\" target=\"_blank\" rel=\"noreferrer noopener\">Opt Out<\/a><\/p>\n\n\n\n<p><strong>Facebook Remarketing (Meta Platform, Inc.)<\/strong><br>Facebook Remarketing \u00e8 un servizio di Remarketing e Behavioral Targeting fornito da Meta Platform, Inc. che collega l\u2019attivit\u00e0 di questa Applicazione con il network di advertising Facebook.<br>Dati&nbsp;&nbsp;raccolti: Cookie e Dati di utilizzo.<br>Luogo del trattamento : USA \u2013&nbsp;<a href=\"https:\/\/www.facebook.com\/about\/privacy\/\" target=\"_blank\" rel=\"noreferrer noopener\">Privacy Policy<\/a>&nbsp;\u2013&nbsp;<a href=\"http:\/\/www.aboutads.info\/choices\/\" target=\"_blank\" rel=\"noreferrer noopener\">Opt Out<\/a><\/p>\n\n\n\n<h3 class=\"wp-block-heading\"><strong>Come disabilitare i cookie nel browser Web?<\/strong><\/h3>\n\n\n\n<p>I cookie possono essere limitati o bloccati mediante specifiche impostazioni del browser, quindi se un utente intende non memorizzare alcuni cookie nel proprio computer, potr\u00e0 configurare opportunamente il proprio browser Web. L\u2019utente pu\u00f2 infatti scegliere di bloccare tutti i cookie o solo alcuni specifici. In ogni momento, l\u2019utente pu\u00f2 scegliere di eliminare i cookie memorizzati sul proprio dispositivo di navigazione.<\/p>\n\n\n\n<p>Le impostazioni devono essere modificate separatamente in ogni browser e computer utilizzato.<br>Se i cookie sono stati bloccati, non potr\u00e0 essere garantito un corretto funzionamento del sito Web. Alcune funzioni infatti potrebbero risultare non disponibili e potrebbe non essere pi\u00f9 possibile visualizzarne alcune pagine.<br>E\u2019 importante evidenziare che il blocco dei cookie non elimina la visualizzazione di eventuali annunci pubblicitari. Semplicemente, questi non saranno pi\u00f9 personalizzati sulla base dei vostri interessi.<br>Per avere maggiori informazioni su come impostare le preferenze sull\u2019uso dei cookie attraverso il proprio browser di navigazione, \u00e8 possibile consultare le relative istruzioni:<\/p>\n\n\n\n<ul class=\"wp-block-list\">\n<li><a href=\"http:\/\/windows.microsoft.com\/it-it\/windows-vista\/block-or-allow-cookies\" target=\"_blank\" rel=\"noreferrer noopener\">Internet Explorer<\/a><\/li>\n\n\n\n<li><a href=\"https:\/\/support.mozilla.org\/it\/kb\/protezione-antitracciamento-avanzata-firefox-desktop\" target=\"_blank\" rel=\"noreferrer noopener\">Firefox<\/a><\/li>\n\n\n\n<li><a href=\"https:\/\/support.google.com\/accounts\/answer\/61416?hl=it\" target=\"_blank\" rel=\"noreferrer noopener\">Chrome<\/a><\/li>\n\n\n\n<li><a href=\"https:\/\/help.opera.com\/en\/latest\/security-and-privacy\/\" target=\"_blank\" rel=\"noreferrer noopener\">Opera<\/a><\/li>\n\n\n\n<li><a href=\"http:\/\/support.apple.com\/kb\/PH17191?viewlocale=it_IT\" target=\"_blank\" rel=\"noreferrer noopener\">Safari<\/a><\/li>\n<\/ul>\n\n\n\n<p>Per disattivare i cookie su smartphone o tablet, l\u2019utente pu\u00f2 consultare il manuale di tali dispositivi per reperire ulteriori informazioni.<br>Ciascun browser Web prevede una particolare procedura per la modifica della gestione dei cookie. Se necessario, per fornire impostazioni corrette, l\u2019utente pu\u00f2 consultare la Guida del proprio browser.<\/p>\n\n\n\n<h3 class=\"wp-block-heading\"><strong>C\u2019\u00e8 altro?<\/strong><\/h3>\n\n\n\n<p>Data la natura dinamica del Web, non \u00e8 possibile essere sempre in grado di controllare i cookie che vengono memorizzati da terze parti attraverso un sito Web.<br>Questo vale, soprattutto, nei casi di oggetti incorporati nella pagine Web consultate dall\u2019utente. Questi oggetti sono ad esempio: testi, documenti, immagini o video che sono archiviati su server di terze parti.<br>L\u2019utente \u00e8 pregato quindi di segnalare ai nostri riferimenti e\/o email la presenza di un cookie di questo tipo non presente nell\u2019elenco riportato precedentemente. In alternativa, l\u2019utente pu\u00f2 contattare direttamente le terze parti interessate e chiedere informazioni sui cookie che inviano, a quali scopi, quale \u00e8 la loro durata e come garantiscono la privacy degli utenti.<\/p>\n\n\n\n<p><strong>Eventuali modifiche al sito o alla normativa relativa ai cookie<\/strong><br>E\u2019 possibile che questo testo necessiti di modifiche in relazione ad eventuali cambiamenti nel sito web o nelle normative di riferimento riguardanti l\u2019utilizzo di cookie. In ogni caso, la versione pi\u00f9 aggiornata pu\u00f2 essere sempre consultata in questo testo pubblicato online.<\/p>\n","protected":false},"excerpt":{"rendered":"<p>Questo testo ha lo scopo di presentare, all\u2019utente, le informazioni principali su cosa siano i&hellip;<\/p>\n","protected":false},"author":1,"featured_media":0,"parent":0,"menu_order":0,"comment_status":"closed","ping_status":"closed","template":"","meta":{"footnotes":""},"class_list":["post-109","page","type-page","status-publish","hentry"],"_links":{"self":[{"href":"https:\/\/aiutodgtale.online\/index.php?rest_route=\/wp\/v2\/pages\/109","targetHints":{"allow":["GET"]}}],"collection":[{"href":"https:\/\/aiutodgtale.online\/index.php?rest_route=\/wp\/v2\/pages"}],"about":[{"href":"https:\/\/aiutodgtale.online\/index.php?rest_route=\/wp\/v2\/types\/page"}],"author":[{"embeddable":true,"href":"https:\/\/aiutodgtale.online\/index.php?rest_route=\/wp\/v2\/users\/1"}],"replies":[{"embeddable":true,"href":"https:\/\/aiutodgtale.online\/index.php?rest_route=%2Fwp%2Fv2%2Fcomments&post=109"}],"version-history":[{"count":1,"href":"https:\/\/aiutodgtale.online\/index.php?rest_route=\/wp\/v2\/pages\/109\/revisions"}],"predecessor-version":[{"id":110,"href":"https:\/\/aiutodgtale.online\/index.php?rest_route=\/wp\/v2\/pages\/109\/revisions\/110"}],"wp:attachment":[{"href":"https:\/\/aiutodgtale.online\/index.php?rest_route=%2Fwp%2Fv2%2Fmedia&parent=109"}],"curies":[{"name":"wp","href":"https:\/\/api.w.org\/{rel}","templated":true}]}}